et y = j - -26. What is the tens digit of y?
1
Let v = 86 - 56. Suppose -3*i - 3 = -v. What is the units digit of i?
9
Let x = -14 + 16. Suppose 0 = 4*g + 5*d - 67, -d + x*d = -4*g + 71. What is the units digit of g?
8
Let z(r) = -r**3 + r**2 + 4*r. Let a be z(3). Let f be (-12)/(-9)*a/2. Let s = f + 7. What is the units digit of s?
3
Suppose 0 = -2*l + i + 5, -2*l + 3 = 4*i - 27. Suppose -l*p + 2 = -13. What is the units digit of p + -4 - (-2 - 0)?
1
Suppose -g + 14 = -2*c - 11, 2*g = -2*c + 38. What is the units digit of g?
1
Let l be (5 - 3)/(4/(-6)). Let w be l/12 + (-82)/(-8). What is the units digit of w/25 - 16/(-10)?
2
Let d be ((-58)/4 + -3)*-2. Suppose -d = c - 6*c. Suppose c + 1 = 4*n. What is the units digit of n?
2
Suppose 3*k - 124 = -2*r, -k = 3*r - 4*r - 33. What is the tens digit of k?
3
Let g = -2 + 0. Let h be (-12 + 4)/(g - 0). Suppose -52 = -4*f + 4*j, h*j = -3*f - 2 + 13. What is the units digit of f?
9
Let t be (24/(-20))/(1/5). Let x be 2/((-3)/(63/t)). What is the units digit of 6/21 - (-89)/x?
3
Suppose -4*m + 14 = 2*k, 5*k = k - 5*m + 25. Suppose -f = 4*s - k, 8 = 4*f + 4*s - 12. Suppose f*z - 2 = 3. What is the units digit of z?
1
Let u(c) be the first derivative of -c**2/2 - c + 2. Let p be u(-3). Suppose 0 = p*g + 2*g + 12, -11 = 4*w + 5*g. What is the units digit of w?
1
Let s(r) = -r**3 + 3*r**2 - r + 2. Let j be s(3). Let d = 4 + j. What is the units digit of d?
3
Suppose -p + g - 546 = -6*p, 102 = p + 2*g. What is the tens digit of p?
1
Suppose 0 = 2*l + 3*l - z - 127, -3*z = l - 35. What is the tens digit of l?
2
What is the tens digit of ((-236)/12)/(3/(-9))?
5
Suppose -l - 2 = -2*l. Suppose -4*j - 10 = l. What is the units digit of j*(-2)/(-6)*-2?
2
Let a(g) = g**3 - 7*g**2 - 8*g + 10. Let p be 1/3 + (-23)/(-3). What is the units digit of a(p)?
0
Let d(n) = -2*n**2 - 6*n - 9. Let x be d(-6). Let v = -30 - x. What is the units digit of v?
5
Let l = -114 + 195. What is the units digit of l?
1
Let q = 78 - 45. What is the units digit of q?
3
Suppose 0 = -11*u + 2448 + 71. What is the units digit of u?
9
Let z(r) = -2*r + 2. What is the units digit of z(-3)?
8
Suppose 3*z - z + 42 = p, 0 = 5*z - 4*p + 108. Let w = 45 + z. What is the units digit of w?
5
Suppose 34 - 9 = 5*q. Let z be 26 - q/(10/6). Suppose -73 + z = -5*u. What is the units digit of u?
0
What is the hundreds digit of -3 - 1/(3 - 3020/1005)?
1
Suppose 0 = -2*g + 23 + 9. What is the units digit of g?
6
Suppose 0 = -5*v - u + 58, -u = -3*v + 17 + 13. Suppose 0*q = -q + v. What is the tens digit of q?
1
Let x = 47 + -33. What is the units digit of x?
4
Let t(u) = 3*u. Let y be t(-1). Let o(h) = -5*h + 4. What is the units digit of o(y)?
9
Suppose 3*f - 36 = -3*f. What is the units digit of f?
6
Let v(i) = -i**3 - 6*i**2 - 3*i. Let u be v(-4). Let k = u - -29. What is the units digit of k?
9
Let b be (-7)/1 - (5 + -1). Let y(w) = w**3 + 10*w**2 - 12*w + 13. What is the tens digit of y(b)?
2
Let f(a) be the second derivative of -a**7/2520 + a**5/40 + a**4/4 + a. Let n(d) be the third derivative of f(d). What is the units digit of n(0)?
3
Let x = 128 - -193. What is the tens digit of x?
2
Suppose 10*f - 65 = 5*f. Suppose -4*p - 5*s + 72 = 0, 0 = 2*p + 3*s - f - 23. What is the tens digit of p?
1
Let p = -6 + 11. Suppose 40 = p*s - 0*s. What is the units digit of s?
8
Let p = -57 + 94. Let v = p + -23. What is the units digit of v?
4
Let j = 9 - 1. Suppose 5*z - 2*p - j = -0*p, 4*z - 20 = 5*p. Suppose -5*i - 3*b - 2 = 0, -3*i + z*b = -2*b - 14. What is the units digit of i?
2
Let h be ((-81)/12)/(3/(-12)). Let o = -17 + h. What is the tens digit of o?
1
Suppose l - 2*h - 30 = 2*h, 2*h + 34 = l. Suppose -5*t - 5*y + 45 = -25, -3*t + l = y. What is the tens digit of t?
1
Suppose 3*g = -1 - 5. Let w be (g + 1)/((-3)/9). Suppose 4*r - 4*i = -w*i + 29, r - 5*i = 31. What is the units digit of r?
6
Suppose 3*v + 39 = -f - 18, 23 = -v + f. What is the tens digit of v/(-6)*(-63)/(-14)?
1
What is the units digit of -1*(0 + 0) + (3 - -55)?
8
Suppose -4*m + 4 = 4*j, -2*m = -1 + 9. Let i be -2*(5/(-2))/j. What is the units digit of -1*(0 - i) - 0?
1
Suppose 5*m + o - 120 = 0, 3*m - 5 = o + 75. What is the units digit of m?
5
Let d(z) = -z**2 - 4*z - 3. Let b be d(-2). Let o(k) = 23*k**3 - k**2 + 1. What is the tens digit of o(b)?
2
Let l(f) = -9*f - 1. Let t be l(3). Suppose 3*v = 2*s + 22, -2*s - 3*v = -0*s + 34. Let h = s - t. What is the units digit of h?
4
Let i = 6 + -9. What is the units digit of (2/i)/((-15)/450)?
0
Let g(x) = x**3 - 5*x**2 - 2*x - 5. What is the units digit of g(6)?
9
Suppose 19 = -3*x + 4*m, x + m + 4 + 7 = 0. Let j(q) = -q**2 - 9*q + 8. What is the units digit of j(x)?
8
Let c = -10 - -14. Let h = 18 - c. What is the tens digit of h?
1
Let m(l) = -67*l - 27. What is the units digit of m(-2)?
7
Suppose 0 = -2*c + 3 + 61. Suppose -p + c = -11. Suppose 3*q + 14 = 2*o, -q + p = -o + 4*o. What is the units digit of o?
3
Let b(k) = -14*k - 11. What is the units digit of b(-11)?
3
Let c(f) = 2*f**2 + 3*f - 22. What is the tens digit of c(-9)?
1
Suppose 3*j = -j. Suppose -4*s = -3*h + 81 - 24, j = -3*h - 5*s + 57. What is the tens digit of h?
1
Suppose 4 = 2*a - 3*s, 0 = -0*s + s. Suppose -3*j + 5 = -2*j. Let f = j - a. What is the units digit of f?
3
Suppose -12*h = -14*h + 98. What is the tens digit of h?
4
Suppose g - h - 28 = 0, -4*h - 20 = g - 68. What is the tens digit of g?
3
Let a(u) = -5*u**3 + 5*u**2 - 7*u - 19. Let g(t) = -3*t**3 + 3*t**2 - 4*t - 9. Let r(k) = -4*a(k) + 7*g(k). What is the tens digit of r(0)?
1
Suppose -5*z + 0 - 50 = 0. Let k = -6 - z. Suppose -5*f + 47 = -5*w + 3*w, -k*w - 6 = -2*f. What is the tens digit of f?
1
Let l(g) = -g**2 - 8*g + 2. Let c be l(-8). Let m = c + 11. What is the units digit of m?
3
Suppose 0 = z - 0*z - 3*v - 6, -3*z = -5*v - 6. Let c be 6*2 - (z - -5). Suppose -3*j + c = y, 4*y + 0*j - 40 = 4*j. What is the tens digit of y?
1
Suppose -39 = -3*f + 117. What is the units digit of f?
2
Let m = -15 - -10. Let o = 5 - m. What is the tens digit of o?
1
Let r(a) = 10*a**2 + 2*a - 15. What is the hundreds digit of r(5)?
2
Let y be (-48)/(-26) - 8/(-52). Suppose -i - 5*p = -2*p + 3, y*p - 19 = -3*i. What is the units digit of i?
9
Let s be ((-4)/10)/((-3)/75). Suppose -5*i = -2*l - 2*i + s, 4*i + 8 = 0. Let u = 9 - l. What is the units digit of u?
7
Let c be 1/4 + 54/(-24). Let k(r) = -r**2 - 2*r - 3. Let b be k(c). What is the units digit of 2 + (b - -1) + 1?
1
Suppose 4*x = -3*j + 112 + 6, -2*x = 5*j - 206. What is the tens digit of j?
4
Let d(z) = -z**3 - 4*z**2 - 6*z + 1. What is the units digit of d(-5)?
6
Suppose q = 5 - 0, 5*q = -5*a + 790. What is the tens digit of a?
5
Let j(z) = z**3 - 2*z**2 + z - 1. Let y be ((-4)/(-6))/(6/18). Let h be 4 + -1 - y - -1. What is the units digit of j(h)?
1
What is the tens digit of (-140)/(-6) + (-3)/9?
2
Let w(i) = i**3 + 9*i**2 + 9*i - 4. What is the tens digit of w(-7)?
3
Let m(k) = k**2 + k + 4. Let b = 6 - 6. Suppose b = 2*r - 0*r. What is the units digit of m(r)?
4
Let m = -9 - -13. Suppose 0 = m*k + 4*n - 20, -2*k - 3 - 2 = -3*n. Suppose -k = -w + 3. What is the units digit of w?
5
Suppose 0 = 3*v + q - 3, -3*q - 6 = 2*v - 1. Suppose 81 = 5*o - v*o. What is the units digit of 3*3*15/o?
5
Suppose 3*j - 8*j + 20 = 0. What is the units digit of j?
4
Let u(q) = -q**2 - 18*q - 11. What is the units digit of u(-11)?
6
Let b = 6 - 2. Suppose 9 = b*p + 4*m - 3, -m + 3 = 0. Suppose p*c = -c + 5. What is the units digit of c?
5
Let w(n) = -n**2 - 4*n + 3. Let j be w(-3). Let m(g) = g - 1. Let a be m(1). Let x = a + j. What is the units digit of x?
6
Let o(q) = -5*q + 4. What is the tens digit of o(-8)?
4
Let y be (-3)/3 - -70 - -1. Suppose -3*v + 8*v = y. What is the units digit of v?
4
Let a(q) = 2*q**2 - 4*q + 2. Let u be a(2). Suppose 5*z - u*z + 186 = 5*j, 123 = 3*j + 2*z. What is the units digit of j?
9
What is the units digit of (444/(-6))/(1 - 2)?
4
Suppose -2*a = -3*a + 10. Let h = -6 + a. What is the units digit of h?
4
Suppose -7 = -3*t + 8. Suppose 171 = t*v + 11. What is the tens digit of v?
3
Suppose 0*y - 48 = -4*y. What is the units digit of (16 - y/(-4)) + -2?
7
Let x be (-2)/8 - (-6)/24. Suppose x = -3*r + 13 + 8. What is the units digit of 